{"id":4026,"date":"2021-06-10T06:17:53","date_gmt":"2021-06-10T04:17:53","guid":{"rendered":"https:\/\/tienda.japanweekend.moe\/japanweekend2021\/valencia\/?page_id=4026"},"modified":"2026-04-29T14:16:42","modified_gmt":"2026-04-29T12:16:42","slug":"concurso-de-karaoke","status":"publish","type":"page","link":"https:\/\/www.japanweekend.com\/valencia\/concurso-de-karaoke\/","title":{"rendered":"Concurso de Karaoke"},"content":{"rendered":"[vc_row full_width=&#8221;stretch_row_content&#8221; enable_full_screen=&#8221;yes&#8221; el_class=&#8221;lgx-inner lgx-inner-bottomgap&#8221;][vc_column][vc_row_inner][vc_column_inner]<div class=\"lgx-heading  \" >\r\n                    <h2 class=\"heading\">BASES DE PARTICIPACI\u00d3N<\/h2>\r\n                    <h3 class=\"subheading\"><\/h3>              \r\n              <\/div>[\/vc_column_inner][\/vc_row_inner][\/vc_column][\/vc_row][vc_row][vc_column][vc_column_text]\n<ol>\n<li data-start=\"184\" data-end=\"307\">El concurso se celebrar\u00e1 el domingo 10 de mayo a las 14:00 en el Escenario Multiverso (planta superior).<\/li>\n<li data-start=\"184\" data-end=\"307\">La inscripci\u00f3n ser\u00e1 presencial, junto al Escenario Multiverso.<\/li>\n<li data-start=\"184\" data-end=\"307\">El plazo de inscripci\u00f3n se cerrar\u00e1 30 minutos antes del inicio del concurso.<\/li>\n<li data-start=\"184\" data-end=\"307\">Se admitir\u00e1n un m\u00e1ximo de 20 participantes titulares y 5 suplentes, en caso de ausencias o retrasos.<\/li>\n<li data-start=\"184\" data-end=\"307\">Podr\u00e1n participar personas de todas las edades, pero los menores de 16 a\u00f1os no podr\u00e1n optar al premio econ\u00f3mico a no ser que act\u00faen acompa\u00f1ados de un mayor de edad.<\/li>\n<li data-start=\"184\" data-end=\"307\">La canci\u00f3n deber\u00e1 tener una duraci\u00f3n m\u00e1xima de 3 minutos. Se permitir\u00e1 un margen adicional de 15 segundos, tras el cual el audio ser\u00e1 suavemente cortado.<\/li>\n<li data-start=\"184\" data-end=\"307\">La canci\u00f3n deber\u00e1 estar en formato instrumental, permiti\u00e9ndose coros de apoyo.<\/li>\n<li data-start=\"184\" data-end=\"307\">Se aceptar\u00e1n archivos en formato MP3. En caso de v\u00eddeo, solo se aceptar\u00e1 formato MP4 (no se garantiza su reproducci\u00f3n en pantalla).<\/li>\n<li data-start=\"184\" data-end=\"307\">Se recomienda que el archivo tenga el menor silencio posible al inicio, ya que el mismo ser\u00e1 considerado parte de la duraci\u00f3n total. Si el participante necesita una se\u00f1al de entrada (como un metr\u00f3nomo o sonido gu\u00eda), deber\u00e1 incluirse dentro del mismo archivo.<\/li>\n<li data-start=\"184\" data-end=\"307\">El archivo de audio o v\u00eddeo deber\u00e1 entregarse en el momento de la inscripci\u00f3n en un dispositivo USB (preferiblemente pendrive).<\/li>\n<li data-start=\"184\" data-end=\"307\">En el USB solo debe haber un \u00fanico archivo: la canci\u00f3n a utilizar. El archivo deber\u00e1 estar nombrado de la siguiente forma:\u00a0<em data-start=\"1947\" data-end=\"1987\">NombreParticipante \u2013 NombreCanci\u00f3n.mp3<\/em>\u00a0(se admiten apodos si coinciden con el nombre usado en la inscripci\u00f3n). Ejemplo:\u00a0<em data-start=\"2073\" data-end=\"2106\">Jolyne \u2013 Sono chi no Sadame.mp3<\/em><\/li>\n<li data-start=\"184\" data-end=\"307\">Las canciones deber\u00e1n pertenecer al \u00e1mbito del anime, los videojuegos o la m\u00fasica asi\u00e1tica oriental, sin importar el idioma, pero s\u00ed originales de su medio.<\/li>\n<li data-start=\"184\" data-end=\"307\">El jurado valorar\u00e1 la interpretaci\u00f3n vocal, as\u00ed como la puesta en escena y el vestuario si se presentan en relaci\u00f3n con el personaje, artista o serie interpretada. Para optar a puntuaci\u00f3n adicional por caracterizaci\u00f3n, se deber\u00e1 adjuntar una imagen de referencia en el formulario de inscripci\u00f3n.<\/li>\n<li data-start=\"184\" data-end=\"307\">Cantar con la letra visible est\u00e1 permitido, pero supondr\u00e1 una penalizaci\u00f3n en la puntuaci\u00f3n final.<\/li>\n<li data-start=\"184\" data-end=\"307\">La participaci\u00f3n en el concurso implica la aceptaci\u00f3n de estas bases.<\/li>\n<li data-start=\"184\" data-end=\"307\">Asimismo, se autoriza la toma de fotograf\u00edas y v\u00eddeos de la actuaci\u00f3n, que podr\u00e1n ser utilizados por la organizaci\u00f3n.<\/li>\n<\/ol>\n<p><b>Jurado y premios<\/b><\/p>\n<ul>\n<li>El jurado se anunciar\u00e1 pr\u00f3ximamente.<\/li>\n<li aria-level=\"1\">El jurado no discutir\u00e1 acerca del concurso o de los participantes antes del concurso ni despu\u00e9s.<\/li>\n<li aria-level=\"1\">Si un participante necesita consejos de cara a un futuro concurso ser\u00e1n dados sin tener en cuenta el presente.<\/li>\n<li aria-level=\"1\">La decisi\u00f3n del jurado ser\u00e1 irrevocable.<\/li>\n<\/ul>\n<p>&nbsp;<\/p>\n<h3><strong>Premios<\/strong><\/h3>\n<p><span style=\"font-weight: 400;\">El\u00a0 jurado otorgar\u00e1 los siguientes premios*, siendo su decisi\u00f3n inalterable una vez emitida:<\/span><\/p>\n<p>\u25ba<b>Primer\u00a0<span class=\"il\">premio<\/span>:<\/b> 100\u20ac , dar un concierto y ser jurado en la pr\u00f3xima edici\u00f3n de Japan Weekend Valencia de Noviembre<\/p>\n<p>\u25ba<b>Segundo\u00a0<span class=\"il\">premio<\/span>:<\/b> vale de 50\u20ac para gastar en Kurogami.com<\/p>\n<p>\u25ba<strong>Tercer<\/strong><b>\u00a0<span class=\"il\">premio<\/span>:<\/b> vale de 25\u20ac para gastar en Kurogami.com<\/p>\n<p>&nbsp;<\/p>\n<p><b>*<\/b> Si hubiese menos de 10 participantes s\u00f3lo se otorgar\u00e1 un primer y \u00fanico premio. Si hay 15 o menos se a\u00f1adir\u00e1 un segundo. En el caso de haber m\u00e1s de 15 participantes se a\u00f1adir\u00e1 el tercero.[\/vc_column_text][vc_separator border_width=&#8221;2&#8243;]    <div class=\"vcx-sponsored-wrapper sponsors-area sponsors-area-default sponsors-area-nogap  sponsors-area-noshadow  vcx-spwrap-item3 sponsor-anim-zoom \">\r\n\r\n        <div class=\"vcx-sponsored-title\"><h3 class=\"sponsored-heading first-heading\" style=\"color:#554bb9;\">Concurso patrocinado por<\/h3><\/div>\r\n        <div class=\"sponsors-area\">\r\n                <div class=\"single single-default lgx-item3\">\r\n                    <a class=\"Concurso patrocinado por\" href=\"https:\/\/kurogami.com\/es\/tienda\" target=\"_blank\" ><img src=\"https:\/\/www.japanweekend.com\/valencia\/wp-content\/uploads\/sites\/4\/2026\/04\/KUROGAMI-2024oscuro.png\" alt=\"Sponsor\"\/><\/a>\r\n                <\/div> <!--\/\/single-->\r\n\r\n            <\/div>    <\/div>\r\n    [\/vc_column][\/vc_row]\n","protected":false},"excerpt":{"rendered":"<p>[vc_row full_width=&#8221;stretch_row_content&#8221; enable_full_screen=&#8221;yes&#8221; el_class=&#8221;lgx-inner lgx-inner-bottomgap&#8221;][vc_column][vc_row_inner][vc_column_inner][\/vc_column_inner][\/vc_row_inner][\/vc_column][\/vc_row][vc_row][vc_column][vc_column_text] El concurso se celebrar\u00e1 el domingo 10 de mayo a las 14:00 en el Escenario Multiverso (planta superior). La inscripci\u00f3n ser\u00e1 presencial, junto al Escenario Multiverso. El plazo de inscripci\u00f3n se cerrar\u00e1 30 minutos antes del inicio del concurso. Se admitir\u00e1n un m\u00e1ximo de 20 participantes titulares y 5 suplentes, [&hellip;]<\/p>\n","protected":false},"author":2,"featured_media":0,"parent":0,"menu_order":0,"comment_status":"closed","ping_status":"closed","template":"","meta":[],"_links":{"self":[{"href":"https:\/\/www.japanweekend.com\/valencia\/wp-json\/wp\/v2\/pages\/4026"}],"collection":[{"href":"https:\/\/www.japanweekend.com\/valencia\/wp-json\/wp\/v2\/pages"}],"about":[{"href":"https:\/\/www.japanweekend.com\/valencia\/wp-json\/wp\/v2\/types\/page"}],"author":[{"embeddable":true,"href":"https:\/\/www.japanweekend.com\/valencia\/wp-json\/wp\/v2\/users\/2"}],"replies":[{"embeddable":true,"href":"https:\/\/www.japanweekend.com\/valencia\/wp-json\/wp\/v2\/comments?post=4026"}],"version-history":[{"count":42,"href":"https:\/\/www.japanweekend.com\/valencia\/wp-json\/wp\/v2\/pages\/4026\/revisions"}],"predecessor-version":[{"id":9268,"href":"https:\/\/www.japanweekend.com\/valencia\/wp-json\/wp\/v2\/pages\/4026\/revisions\/9268"}],"wp:attachment":[{"href":"https:\/\/www.japanweekend.com\/valencia\/wp-json\/wp\/v2\/media?parent=4026"}],"curies":[{"name":"wp","href":"https:\/\/api.w.org\/{rel}","templated":true}]}}