{"id":5824,"date":"2023-12-19T13:51:14","date_gmt":"2023-12-19T11:51:14","guid":{"rendered":"https:\/\/www.japanweekend.com\/madrid\/?page_id=5824"},"modified":"2026-04-03T15:00:34","modified_gmt":"2026-04-03T13:00:34","slug":"asociaciones-actividades","status":"publish","type":"page","link":"https:\/\/www.japanweekend.com\/madrid\/asociaciones-actividades\/","title":{"rendered":"Asociaciones y Actividades"},"content":{"rendered":"[vc_row full_width=&#8221;stretch_row_content&#8221; video_bg=&#8221;yes&#8221; video_bg_url=&#8221;https:\/\/www.youtube.com\/watch?v=0SBZlYk2KyA&#8221; enable_full_screen=&#8221;yes&#8221; css=&#8221;.vc_custom_1687359142165{background-color: #1b273d !important;}&#8221;][vc_column][vc_row_inner][vc_column_inner][\/vc_column_inner][\/vc_row_inner][\/vc_column][\/vc_row][vc_row full_width=&#8221;stretch_row_content&#8221; enable_full_screen=&#8221;yes&#8221; el_class=&#8221;lgx-inner&#8221; css=&#8221;.vc_custom_1538324678536{background-image: url(http:\/\/logichunt.net\/demo\/wordpress\/emeet\/wp-content\/uploads\/2018\/09\/patt2.png?id=1177) !important;}&#8221;][vc_column][vc_separator]<div class=\"lgx-heading  \" >\r\n                    <h2 class=\"heading\">ESPACIO Y ACTIVIDADES<\/h2>\r\n                    <h3 class=\"subheading\">\u00bfTe gustar\u00eda tener un espacio en nuestros escenarios o tatamis? \u00bfA tu asociaci\u00f3n le gustar\u00eda tener un stand donde presentarse y hacer actividades? \u00a1Echa un vistazo a las condiciones en los formularios!<\/h3>              \r\n              <\/div>[vc_btn title=&#8221;\u00bfQuieres participar haciendo actividades en escenarios y\/o tatamis? Si quieres ofrecer una conferencia, taller o exhibici\u00f3n. \u00a1Inscr\u00edbete aqu\u00ed!&#8221; color=&#8221;peacoc&#8221; align=&#8221;center&#8221;][vc_btn title=&#8221;\u00bfFormas parte de una asociaci\u00f3n o agrupaci\u00f3n y quer\u00e9is tener espacio propio en el evento para gestionar vuestras propias actividades? \u00a1Apuntaos aqu\u00ed!&#8221; color=&#8221;purple&#8221; align=&#8221;center&#8221;][\/vc_column][\/vc_row]\n","protected":false},"excerpt":{"rendered":"<p>[vc_row full_width=&#8221;stretch_row_content&#8221; video_bg=&#8221;yes&#8221; video_bg_url=&#8221;https:\/\/www.youtube.com\/watch?v=0SBZlYk2KyA&#8221; enable_full_screen=&#8221;yes&#8221; css=&#8221;.vc_custom_1687359142165{background-color: #1b273d !important;}&#8221;][vc_column][vc_row_inner][vc_column_inner][\/vc_column_inner][\/vc_row_inner][\/vc_column][\/vc_row][vc_row full_width=&#8221;stretch_row_content&#8221; enable_full_screen=&#8221;yes&#8221; el_class=&#8221;lgx-inner&#8221; css=&#8221;.vc_custom_1538324678536{background-image: url(http:\/\/logichunt.net\/demo\/wordpress\/emeet\/wp-content\/uploads\/2018\/09\/patt2.png?id=1177) !important;}&#8221;][vc_column][vc_separator][vc_btn title=&#8221;\u00bfQuieres participar haciendo actividades en escenarios y\/o tatamis? Si quieres ofrecer una conferencia, taller o exhibici\u00f3n. \u00a1Inscr\u00edbete aqu\u00ed!&#8221; color=&#8221;peacoc&#8221; align=&#8221;center&#8221;][vc_btn title=&#8221;\u00bfFormas parte de una asociaci\u00f3n o agrupaci\u00f3n y quer\u00e9is tener espacio propio en el evento para gestionar vuestras propias actividades? \u00a1Apuntaos [&hellip;]<\/p>\n","protected":false},"author":1,"featured_media":0,"parent":0,"menu_order":0,"comment_status":"closed","ping_status":"closed","template":"page-template\/tpl-home-page-default.php","meta":[],"_links":{"self":[{"href":"https:\/\/www.japanweekend.com\/madrid\/wp-json\/wp\/v2\/pages\/5824"}],"collection":[{"href":"https:\/\/www.japanweekend.com\/madrid\/wp-json\/wp\/v2\/pages"}],"about":[{"href":"https:\/\/www.japanweekend.com\/madrid\/wp-json\/wp\/v2\/types\/page"}],"author":[{"embeddable":true,"href":"https:\/\/www.japanweekend.com\/madrid\/wp-json\/wp\/v2\/users\/1"}],"replies":[{"embeddable":true,"href":"https:\/\/www.japanweekend.com\/madrid\/wp-json\/wp\/v2\/comments?post=5824"}],"version-history":[{"count":15,"href":"https:\/\/www.japanweekend.com\/madrid\/wp-json\/wp\/v2\/pages\/5824\/revisions"}],"predecessor-version":[{"id":12317,"href":"https:\/\/www.japanweekend.com\/madrid\/wp-json\/wp\/v2\/pages\/5824\/revisions\/12317"}],"wp:attachment":[{"href":"https:\/\/www.japanweekend.com\/madrid\/wp-json\/wp\/v2\/media?parent=5824"}],"curies":[{"name":"wp","href":"https:\/\/api.w.org\/{rel}","templated":true}]}}

[vc_row full_width=&#8221;stretch_row_content&#8221; video_bg=&#8221;yes&#8221; video_bg_url=&#8221;https://www.youtube.com/watch?v=0SBZlYk2KyA&#8221; enable_full_screen=&#8221;yes&#8221; css=&#8221;.vc_custom_1687359142165{background-color: #1b273d !important;}&#8221;][vc_column][vc_row_inner][vc_column_inner][/vc_column_inner][/vc_row_inner][/vc_column][/vc_row][vc_row full_width=&#8221;stretch_row_content&#8221; enable_full_screen=&#8221;yes&#8221; el_class=&#8221;lgx-inner&#8221; css=&#8221;.vc_custom_1538324678536{background-image: url(http://logichunt.net/demo/wordpress/emeet/wp-content/uploads/2018/09/patt2.png?id=1177) !important;}&#8221;][vc_column][vc_separator]<div class="lgx-heading  " >
                    <h2 class="heading">ESPACIO Y ACTIVIDADES</h2>
                    <h3 class="subheading">¿Te gustaría tener un espacio en nuestros escenarios o tatamis? ¿A tu asociación le gustaría tener un stand donde presentarse y hacer actividades? ¡Echa un vistazo a las condiciones en los formularios!</h3>              
              </div>[vc_btn title=&#8221;¿Quieres participar haciendo actividades en escenarios y/o tatamis? Si quieres ofrecer una conferencia, taller o exhibición. ¡Inscríbete aquí!&#8221; color=&#8221;peacoc&#8221; align=&#8221;center&#8221;][vc_btn title=&#8221;¿Formas parte de una asociación o agrupación y queréis tener espacio propio en el evento para gestionar vuestras propias actividades? ¡Apuntaos aquí!&#8221; color=&#8221;purple&#8221; align=&#8221;center&#8221;][/vc_column][/vc_row]

<p>[vc_row full_width=&#8221;stretch_row_content&#8221; video_bg=&#8221;yes&#8221; video_bg_url=&#8221;https://www.youtube.com/watch?v=0SBZlYk2KyA&#8221; enable_full_screen=&#8221;yes&#8221; css=&#8221;.vc_custom_1687359142165{background-color: #1b273d !important;}&#8221;][vc_column][vc_row_inner][vc_column_inner][/vc_column_inner][/vc_row_inner][/vc_column][/vc_row][vc_row full_width=&#8221;stretch_row_content&#8221; enable_full_screen=&#8221;yes&#8221; el_class=&#8221;lgx-inner&#8221; css=&#8221;.vc_custom_1538324678536{background-image: url(http://logichunt.net/demo/wordpress/emeet/wp-content/uploads/2018/09/patt2.png?id=1177) !important;}&#8221;][vc_column][vc_separator][vc_btn title=&#8221;¿Quieres participar haciendo actividades en escenarios y/o tatamis? Si quieres ofrecer una conferencia, taller o exhibición. ¡Inscríbete aquí!&#8221; color=&#8221;peacoc&#8221; align=&#8221;center&#8221;][vc_btn title=&#8221;¿Formas parte de una asociación o agrupación y queréis tener espacio propio en el evento para gestionar vuestras propias actividades? ¡Apuntaos [&hellip;]</p>
