{"id":6795,"date":"2026-02-27T12:30:09","date_gmt":"2026-02-27T12:30:09","guid":{"rendered":"https:\/\/www.japanweekend.com\/barcelona\/?page_id=6795"},"modified":"2026-04-09T10:33:32","modified_gmt":"2026-04-09T10:33:32","slug":"asiancoverdance","status":"publish","type":"page","link":"https:\/\/www.japanweekend.com\/barcelona\/asiancoverdance\/","title":{"rendered":"Asian Cover Dance"},"content":{"rendered":"[vc_row][vc_column]<div class=\"lgx-heading  \" >\r\n                    <h2 class=\"heading\">\u00a1Conoce a los participantes!<\/h2>\r\n                    <h3 class=\"subheading\">El orden de los carteles tambi\u00e9n ser\u00e1 el orden de actuaci\u00f3n, \u00a1venid a animarles!<\/h3>              \r\n              <\/div>[vc_single_image image=&#8221;6989&#8243; img_size=&#8221;full&#8221; alignment=&#8221;center&#8221; title=&#8221;1- Joeliive&#8221;][vc_single_image image=&#8221;6990&#8243; img_size=&#8221;full&#8221; alignment=&#8221;center&#8221; title=&#8221;2- Kerstin&#8221;][vc_single_image image=&#8221;6991&#8243; img_size=&#8221;full&#8221; alignment=&#8221;center&#8221; title=&#8221;3- Aki&#8221;][vc_single_image image=&#8221;6993&#8243; img_size=&#8221;full&#8221; alignment=&#8221;center&#8221; title=&#8221;4- Nico&#8221;][vc_single_image image=&#8221;6994&#8243; img_size=&#8221;full&#8221; alignment=&#8221;center&#8221; title=&#8221;5- Juls&#8221;][vc_single_image image=&#8221;6995&#8243; img_size=&#8221;full&#8221; alignment=&#8221;center&#8221; title=&#8221;6- Marta Bori&#8221;][vc_single_image image=&#8221;6996&#8243; img_size=&#8221;full&#8221; alignment=&#8221;center&#8221; title=&#8221;7- In\u00e9s&#8221;][vc_single_image image=&#8221;6997&#8243; img_size=&#8221;full&#8221; alignment=&#8221;center&#8221; title=&#8221;8- Killary&#8221;][vc_single_image image=&#8221;6998&#8243; img_size=&#8221;full&#8221; alignment=&#8221;center&#8221; title=&#8221;9- Ainis&#8221;][vc_single_image image=&#8221;6999&#8243; img_size=&#8221;full&#8221; alignment=&#8221;center&#8221; title=&#8221;10- Juls Ferrero&#8221;][vc_single_image image=&#8221;7001&#8243; img_size=&#8221;full&#8221; alignment=&#8221;center&#8221; title=&#8221;11- EST Crew&#8221;][vc_single_image image=&#8221;7002&#8243; img_size=&#8221;full&#8221; alignment=&#8221;center&#8221; title=&#8221;12- Bliss&#8221;][vc_single_image image=&#8221;7003&#8243; img_size=&#8221;full&#8221; alignment=&#8221;center&#8221; title=&#8221;13- Chaoz&#8221;][vc_single_image image=&#8221;7004&#8243; img_size=&#8221;full&#8221; alignment=&#8221;center&#8221; title=&#8221;14- Next Major&#8221;][vc_single_image image=&#8221;7006&#8243; img_size=&#8221;full&#8221; alignment=&#8221;center&#8221; title=&#8221;15- KP\ud574&#8221;][vc_single_image image=&#8221;7008&#8243; img_size=&#8221;full&#8221; alignment=&#8221;center&#8221; title=&#8221;16- Soul&#8221;][vc_single_image image=&#8221;7009&#8243; img_size=&#8221;full&#8221; alignment=&#8221;center&#8221; title=&#8221;17- PHENOM&#8221;][vc_single_image image=&#8221;7010&#8243; img_size=&#8221;full&#8221; alignment=&#8221;center&#8221; title=&#8221;18- KP\ub2ec&#8221;][vc_single_image image=&#8221;7011&#8243; img_size=&#8221;full&#8221; alignment=&#8221;center&#8221; title=&#8221;19- Riot Grlz&#8221;][vc_single_image image=&#8221;7012&#8243; img_size=&#8221;full&#8221; alignment=&#8221;center&#8221; title=&#8221;20- Olympus&#8221;][vc_column_text]\n<p>&nbsp;<\/p>\n[\/vc_column_text][vc_column_text]\n<h2 style=\"text-align: center;\"><b>BASES DE PARTICIPACI\u00d3N<\/b><\/h2>\n<p style=\"text-align: justify;\"><span style=\"font-weight: 400;\">\u00a0<\/span><\/p>\n<ol style=\"text-align: justify;\">\n<li style=\"font-weight: 400;\" aria-level=\"1\"><span style=\"font-weight: 400;\">El concurso de dance se celebrar\u00e1 el<\/span><b> s\u00e1bado 11 de abril a las 11:00\u00a0 en el escenario principal. (hora por confirmar)<\/b><\/li>\n<li style=\"font-weight: 400;\" aria-level=\"1\"><span style=\"font-weight: 400;\">La selecci\u00f3n de participantes ser\u00e1 en funci\u00f3n a la <\/span><a href=\"https:\/\/docs.google.com\/forms\/d\/e\/1FAIpQLSfbj85UAHr2XC5T6OvAPMR1peoK8MvYavzFjzUW5SkcZVf2NQ\/viewform\"><b>preselecci\u00f3n online<\/b><\/a><span style=\"font-weight: 400;\"> detallada en el siguiente apartado.<\/span><\/li>\n<li style=\"font-weight: 400;\" aria-level=\"1\"><span style=\"font-weight: 400;\">El m\u00ednimo de edad permitida ser\u00e1 de\u00a0<\/span><b>14 a\u00f1os.<\/b><span style=\"font-weight: 400;\">\u00a0<\/span><\/li>\n<li aria-level=\"1\">El m\u00e1ximo de plazas permitidas es de 20, 10 en cada categor\u00eda, todos los inscritos que pasen de dicha plaza ser\u00e1n tomados como reserva. Permitiremos un m\u00e1ximo de 5 reservas por categor\u00eda.<\/li>\n<li aria-level=\"1\">En caso de que el nivel de participaci\u00f3n o el n\u00famero de inscritos en alguna categor\u00eda sea insuficiente, la organizaci\u00f3n se reserva el derecho de redistribuir las plazas de forma no equitativa y de reajustar los premios, con el fin de mantener la coherencia y el equilibrio general del concurso.<\/li>\n<li style=\"font-weight: 400;\" aria-level=\"1\"><span style=\"font-weight: 400;\">Un mismo participante <\/span><b>no<\/b><span style=\"font-weight: 400;\"> podr\u00e1 formar parte <\/span><b>de m\u00e1s de un grupo<\/b><span style=\"font-weight: 400;\"> o presentarse en dos <\/span><b>categor\u00edas distintas<\/b><span style=\"font-weight: 400;\">.<\/span><\/li>\n<li style=\"font-weight: 400;\" aria-level=\"1\"><span style=\"font-weight: 400;\">Los participantes tendr\u00e1n que estar en el escenario <\/span><b>30 minutos<\/b><span style=\"font-weight: 400;\"> antes del comienzo del concurso.<\/span><\/li>\n<li style=\"font-weight: 400;\" aria-level=\"1\"><span style=\"font-weight: 400;\">Todos los participantes dispondr\u00e1n de una pantalla en caso de que deseen proyectar alg\u00fan video durante su actuaci\u00f3n. El archivo de video ha de estar fusionado con el de la m\u00fasica,\u00a0 formando todo un \u00fanico archivo, formato 16:9 y no debe superar los 200MB.<\/span><\/li>\n<li style=\"font-weight: 400;\" aria-level=\"1\"><span style=\"font-weight: 400;\">Queda prohibida la utilizaci\u00f3n de productos peligrosos para los asistentes, como material pirot\u00e9cnico. No se permitir\u00e1 que ning\u00fan participante manche el escenario o esparza objetos que requieran limpieza (polvos, confeti, p\u00e9talos\u2026).<\/span><\/li>\n<li style=\"font-weight: 400;\" aria-level=\"1\"><span style=\"font-weight: 400;\">Est\u00e1 prohibido que los participantes utilicen en su actuaci\u00f3n armas y\/u otros objetos contundentes o imitaciones que por sus caracter\u00edsticas puedan inducir a confusi\u00f3n sobre su aut\u00e9ntica naturaleza, y elementos peligrosos para la integridad f\u00edsica de las personas como material pirot\u00e9cnico e inflamable. Asimismo, se proh\u00edbe durante la actuaci\u00f3n el consumo de alcohol, cigarrillos u otras sustancias.<\/span><\/li>\n<li style=\"font-weight: 400;\" aria-level=\"1\"><span style=\"font-weight: 400;\">Se prohibir\u00e1 la participaci\u00f3n de todo aquel que cree altercados contra la organizaci\u00f3n, el jurado u otros participantes, ya sea presencialmente u online.<\/span><\/li>\n<li aria-level=\"1\">Se aplicar\u00e1 un <strong>descuento del 50% en la entrada para las personas admitidas<\/strong>. Los detalles sobre c\u00f3mo obtener dicho descuento ser\u00e1n comunicados por correo electr\u00f3nico. La confirmaci\u00f3n de plaza implicar\u00e1 un c\u00f3digo para una entrada con descuento a una hora adecuada para participar en el concurso.<\/li>\n<li style=\"font-weight: 400;\" aria-level=\"1\"><span style=\"font-weight: 400;\">No se ceder\u00e1 ning\u00fan micr\u00f3fono, el audio ha de estar preparado con anterioridad.<\/span><\/li>\n<li style=\"font-weight: 400;\" aria-level=\"1\"><span style=\"font-weight: 400;\">Quedan prohibidas las escenas er\u00f3ticas y\/o pornogr\u00e1ficas, as\u00ed como tambi\u00e9n cualquier acto inmoral o contrario que no sea propio de la coreograf\u00eda y que pueda causar alteraciones en el orden del concurso o afectar a los asistentes.<\/span><\/li>\n<li style=\"font-weight: 400;\" aria-level=\"1\"><b>Descalificaremos sin excepci\u00f3n a todos los participantes que no cumplan las bases del concurso o las medidas de seguridad<\/b><span style=\"font-weight: 400;\">. La no acataci\u00f3n de las indicaciones de la organizaci\u00f3n supondr\u00e1 una penalizaci\u00f3n de cara a futuros concursos.<\/span><\/li>\n<li style=\"font-weight: 400;\" aria-level=\"1\"><span style=\"font-weight: 400;\">Las im\u00e1genes tomadas durante el concurso podr\u00e1n ser usadas por Japan Weekend, sin ning\u00fan tipo de compensaci\u00f3n econ\u00f3mica a los participantes ni a los fot\u00f3grafos.<\/span><\/li>\n<li style=\"font-weight: 400;\" aria-level=\"1\"><span style=\"font-weight: 400;\">Las bases podr\u00e1n sufrir cualquier modificaci\u00f3n de aqu\u00ed al d\u00eda del concurso seg\u00fan las necesidades de la organizaci\u00f3n, la participaci\u00f3n en el concurso supone la aceptaci\u00f3n de las mismas.<\/span><\/li>\n<\/ol>\n<p style=\"text-align: justify;\"><span style=\"font-weight: 400;\">\u00a0<\/span><\/p>\n<p style=\"text-align: justify;\"><b>CRITERIOS DE PRESELECCI\u00d3N<\/b><\/p>\n<ol style=\"text-align: justify;\">\n<li style=\"font-weight: 400;\" aria-level=\"1\"><span style=\"font-weight: 400;\">El\u00a0<\/span><b>formulario de inscripci\u00f3n<\/b><span style=\"font-weight: 400;\"> para ser seleccionado estar\u00e1 disponible del <strong>2<\/strong><\/span><b> de marzo de 2026 a las 12:00, hasta el 22 de marzo de 2026 a las 23:59 horas<\/b><\/li>\n<li style=\"font-weight: 400;\" aria-level=\"1\"><span style=\"font-weight: 400;\">Al realizar la inscripci\u00f3n, <\/span><b>se requerir\u00e1<\/b><span style=\"font-weight: 400;\">:<\/span>\n<ul>\n<li style=\"font-weight: 400;\" aria-level=\"2\"><span style=\"font-weight: 400;\">Un enlace en oculto donde aparezca el participante o el grupo bailando la canci\u00f3n que desean interpretar.<\/span><\/li>\n<li style=\"font-weight: 400;\" aria-level=\"2\"><span style=\"font-weight: 400;\">Un link a una carpeta en drive de acceso\u00a0<\/span><b>p\u00fablico<\/b><span style=\"font-weight: 400;\">\u00a0con la canci\u00f3n\/mix que se quiere presentar para realizar la preselecci\u00f3n.<\/span><\/li>\n<\/ul>\n<\/li>\n<li style=\"font-weight: 400;\" aria-level=\"1\"><span style=\"font-weight: 400;\">El video deber\u00e1 subirse en\u00a0<\/span><b>oculto a YouTube<\/b><span style=\"font-weight: 400;\">, proporcionando el link en la inscripci\u00f3n, y debe tener una calidad m\u00ednima de\u00a0<\/span><b>720p<\/b><span style=\"font-weight: 400;\">\u00a0para poder observar bien los movimientos, detalles y expresiones.\u00a0<\/span><\/li>\n<li style=\"font-weight: 400;\" aria-level=\"1\"><span style=\"font-weight: 400;\">Se deber\u00e1 mandar un video de m\u00ednimo un minuto de duraci\u00f3n y m\u00e1ximo un minuto y medio, mostrando la parte de la coreograf\u00eda que se considere conveniente (no es necesario que sea desde el principio de la canci\u00f3n o remix).<\/span><\/li>\n<li style=\"font-weight: 400;\" aria-level=\"1\"><span style=\"font-weight: 400;\">La c\u00e1mara debe ser\u00a0<\/span><b>est\u00e1tica<\/b><span style=\"font-weight: 400;\">\u00a0y el video no debe tener\u00a0<\/span><b>ning\u00fan corte<\/b><span style=\"font-weight: 400;\">. Es necesario que se pueda apreciar bien el baile. No se valorar\u00e1 el vestuario o el entorno para el proceso de preselecci\u00f3n.\u00a0<\/span><\/li>\n<li style=\"font-weight: 400;\" aria-level=\"1\"><span style=\"font-weight: 400;\">Se debe observar a todos los participantes en todo momento sin que se les corte la c\u00e1mara, grabando de frente. No contar\u00e1 si no salen todos los participantes, si se graba de espaldas o si se graba a un espejo, pues no se apreciar\u00e1n bien, descalificando el v\u00eddeo.<\/span><\/li>\n<li style=\"font-weight: 400;\" aria-level=\"1\"><span style=\"font-weight: 400;\">La canci\u00f3n o remix que se baile en el video mandado para la preselecci\u00f3n deber\u00e1 ser el mismo con el que se vaya a actuar.\u00a0<\/span><b>No se admitir\u00e1n cambios en el audio<\/b><span style=\"font-weight: 400;\">.<\/span><\/li>\n<li style=\"font-weight: 400;\" aria-level=\"1\"><span style=\"font-weight: 400;\">En el caso de categor\u00eda grupal, todos los integrantes que aparezcan en el video deber\u00e1n estar disponibles para actuar el d\u00eda del concurso. No se permitir\u00e1n inclusiones de miembros que no salieran previamente en el video de preselecci\u00f3n, ni cambios de miembros del grupo. En caso de fuerza mayor y de que un miembro no pueda participar se deber\u00e1 aportar el justificante y hablar con la organizaci\u00f3n lo antes posible para dar las indicaciones a actuar.<\/span><\/li>\n<li style=\"font-weight: 400;\" aria-level=\"1\">Los participantes seleccionados para el concurso ser\u00e1n notificados a trav\u00e9s del correo electr\u00f3nico de contacto y se publicar\u00e1n en la p\u00e1gina web el <strong>25 de marzo de 2026<\/strong>. En el correo se detallar\u00e1n los pasos a seguir para confirmar la participaci\u00f3n en el concurso.<\/li>\n<li style=\"font-weight: 400;\" aria-level=\"1\"><span style=\"font-weight: 400;\">En el caso de haber alguna duda, error o cambio en la inscripci\u00f3n, se resolver\u00e1 mediante <a href=\"mailto:kpopverse.es@gmail.com\">kpopverse.es@gmail.com <\/a>.<\/span><\/li>\n<\/ol>\n<p style=\"text-align: justify;\"><b>CRITERIOS DE EVALUACI\u00d3N<\/b><\/p>\n<ol style=\"text-align: justify;\">\n<li style=\"font-weight: 400;\" aria-level=\"1\"><span style=\"font-weight: 400;\">Por razones de seguridad cada grupo tendr\u00e1 un m\u00e1ximo de 10 integrantes.<\/span><\/li>\n<li style=\"text-align: justify;\" aria-level=\"1\">Se admiten canciones o remixes de pop asi\u00e1tico de cualquier tipo. Se admitir\u00e1n temas de grupos cuya carrera, formaci\u00f3n o sello discogr\u00e1fico est\u00e9n en este g\u00e9nero, aunque la canci\u00f3n no est\u00e9 en un idioma asi\u00e1tico. <span style=\"font-weight: 400;\">Si se trata de un remix no podr\u00e1n mezclarse m\u00e1s de tres canciones.<\/span><\/li>\n<li style=\"font-weight: 400;\" aria-level=\"1\"><span style=\"font-weight: 400;\">Se permitir\u00e1 que un 20% de la actuaci\u00f3n sea coreograf\u00eda original realizada por el grupo o solista.<\/span><\/li>\n<li style=\"font-weight: 400;\" aria-level=\"1\"><b>No se aceptar\u00e1n cambios en la canci\u00f3n<\/b><span style=\"font-weight: 400;\"> elegida para actuar en el concurso, la indicada en la inscripci\u00f3n ser\u00e1 la definitiva.<\/span><\/li>\n<li style=\"font-weight: 400;\" aria-level=\"1\"><span style=\"font-weight: 400;\">Es obligatorio realizar una actuaci\u00f3n\u00a0<\/span><b>que no sea inferior a 1 minuto y medio y que no exceda de los 4 minutos<\/b><span style=\"font-weight: 400;\">\u00a0sin excepci\u00f3n. Se admitir\u00e1 un margen de 5 segundos extra siempre que sea necesario para la finalizaci\u00f3n de la actuaci\u00f3n, pero se rechazar\u00e1n todas las\u00a0inscripciones que no cumplan dicha norma.<\/span><\/li>\n<li style=\"font-weight: 400;\" aria-level=\"1\"><span style=\"font-weight: 400;\">Se evaluar\u00e1n, tanto los v\u00eddeos de la preselecci\u00f3n, como de la actuaci\u00f3n, teniendo en cuenta:<\/span>\n<ul>\n<li style=\"font-weight: 400;\" aria-level=\"2\"><span style=\"font-weight: 400;\">Baile, coreograf\u00eda, coordinaci\u00f3n, ritmo, limpieza de los pasos, t\u00e9cnica: 60%<\/span><\/li>\n<li style=\"font-weight: 400;\" aria-level=\"2\"><span style=\"font-weight: 400;\">Actitud, carisma, expresividad, presencia en el escenario, creatividad: 30%<\/span><\/li>\n<li style=\"font-weight: 400;\" aria-level=\"2\"><span style=\"font-weight: 400;\">Vestuario acorde al original: 10% *(este punto no se tendr\u00e1 en cuenta en la preselecci\u00f3n)<\/span><\/li>\n<\/ul>\n<\/li>\n<\/ol>\n<p style=\"text-align: justify;\"><span style=\"font-weight: 400;\">\u00a0<\/span><\/p>\n<p style=\"text-align: justify;\"><b>JURADO<\/b><\/p>\n<ol style=\"text-align: justify;\">\n<li style=\"font-weight: 400;\" aria-level=\"1\"><span style=\"font-weight: 400;\">El jurado se anunciar\u00e1 pr\u00f3ximamente.<\/span><\/li>\n<li style=\"font-weight: 400;\" aria-level=\"1\">El jurado no mantendr\u00e1 conversaciones con los participantes sobre el concurso antes de su realizaci\u00f3n. Si alg\u00fan participante contacta a un miembro del jurado con relaci\u00f3n al concurso y este considera pertinente informarlo, la organizaci\u00f3n tomar\u00e1 las medidas que correspondan. En caso de que un participante desee recibir consejos para futuras ediciones o comentarios sobre su actuaci\u00f3n, estos se ofrecer\u00e1n una vez finalizada la entrega de premios, siempre que el jurado lo considere adecuado.<\/li>\n<li style=\"font-weight: 400;\" aria-level=\"1\"><span style=\"font-weight: 400;\">La decisi\u00f3n del jurado ser\u00e1 irrevocable.<\/span><\/li>\n<\/ol>\n<p style=\"text-align: justify;\"><span style=\"font-weight: 400;\">\u00a0<\/span><\/p>\n<p style=\"text-align: justify;\"><b>PREMIOS<\/b><\/p>\n<ul>\n<li style=\"list-style-type: none;\">\n<ul style=\"text-align: justify;\">\n<li aria-level=\"1\"><strong>Primer Premio Grupal<\/strong><span style=\"font-weight: 400;\">: 250\u20ac<\/span><\/li>\n<\/ul>\n<\/li>\n<\/ul>\n<ul style=\"text-align: justify;\">\n<li style=\"list-style-type: none;\">\n<ul>\n<li aria-level=\"1\"><span style=\"font-weight: 400;\">Menci\u00f3n especial grupal Kpopverse: 100\u20ac<\/span><\/li>\n<\/ul>\n<\/li>\n<\/ul>\n<ul>\n<li style=\"list-style-type: none;\">\n<ul>\n<li aria-level=\"1\"><strong>Primer Premio Individual:<\/strong> 100\u20ac<\/li>\n<\/ul>\n<\/li>\n<\/ul>\n<ul>\n<li style=\"list-style-type: none;\">\n<ul>\n<li aria-level=\"1\"><span style=\"font-weight: 400;\">Menci\u00f3n especial individual Kpopverse: 50\u20ac<\/span><\/li>\n<\/ul>\n<\/li>\n<\/ul>\n<p>&nbsp;<\/p>\n<p style=\"text-align: justify;\"><em>Los premios podr\u00e1n ser ajustados dependiendo de la participaci\u00f3n*<\/em><\/p>\n<h4 style=\"text-align: justify;\"><\/h4>\n<h4 style=\"text-align: justify;\">Contacto<\/h4>\n<p style=\"text-align: justify;\"><span style=\"font-weight: 400;\">Se ruega para cualquier duda contactar en <a href=\"mailto:kpopverse.es@gmail.com\">kpopverse.es@gmail.com <\/a><\/span><span style=\"font-weight: 400;\">, si se contacta por las redes sociales de @kpopverse.es se les redirigir\u00e1 al mismo correo electr\u00f3nico.\u00a0<\/span><\/p>\n[\/vc_column_text][\/vc_column][vc_column][\/vc_column][\/vc_row][vc_row][vc_column][vc_btn title=&#8221;FORMULARIO DE PRESELECCI\u00d3N &#8211; ASIAN COVER DANCE BARCELONA&#8221; color=&#8221;purple&#8221; align=&#8221;center&#8221; link=&#8221;url:https%3A%2F%2Fdocs.google.com%2Fforms%2Fd%2Fe%2F1FAIpQLSfbj85UAHr2XC5T6OvAPMR1peoK8MvYavzFjzUW5SkcZVf2NQ%2Fviewform&#8221;][\/vc_column][\/vc_row][vc_row][vc_column][\/vc_column][\/vc_row]\n","protected":false},"excerpt":{"rendered":"<p>[vc_row][vc_column][vc_single_image image=&#8221;6989&#8243; img_size=&#8221;full&#8221; alignment=&#8221;center&#8221; title=&#8221;1- Joeliive&#8221;][vc_single_image image=&#8221;6990&#8243; img_size=&#8221;full&#8221; alignment=&#8221;center&#8221; title=&#8221;2- Kerstin&#8221;][vc_single_image image=&#8221;6991&#8243; img_size=&#8221;full&#8221; alignment=&#8221;center&#8221; title=&#8221;3- Aki&#8221;][vc_single_image image=&#8221;6993&#8243; img_size=&#8221;full&#8221; alignment=&#8221;center&#8221; title=&#8221;4- Nico&#8221;][vc_single_image image=&#8221;6994&#8243; img_size=&#8221;full&#8221; alignment=&#8221;center&#8221; title=&#8221;5- Juls&#8221;][vc_single_image image=&#8221;6995&#8243; img_size=&#8221;full&#8221; alignment=&#8221;center&#8221; title=&#8221;6- Marta Bori&#8221;][vc_single_image image=&#8221;6996&#8243; img_size=&#8221;full&#8221; alignment=&#8221;center&#8221; title=&#8221;7- In\u00e9s&#8221;][vc_single_image image=&#8221;6997&#8243; img_size=&#8221;full&#8221; alignment=&#8221;center&#8221; title=&#8221;8- Killary&#8221;][vc_single_image image=&#8221;6998&#8243; img_size=&#8221;full&#8221; alignment=&#8221;center&#8221; title=&#8221;9- Ainis&#8221;][vc_single_image image=&#8221;6999&#8243; img_size=&#8221;full&#8221; alignment=&#8221;center&#8221; title=&#8221;10- Juls Ferrero&#8221;][vc_single_image image=&#8221;7001&#8243; img_size=&#8221;full&#8221; [&hellip;]<\/p>\n","protected":false},"author":1,"featured_media":0,"parent":0,"menu_order":0,"comment_status":"closed","ping_status":"closed","template":"","meta":[],"_links":{"self":[{"href":"https:\/\/www.japanweekend.com\/barcelona\/wp-json\/wp\/v2\/pages\/6795"}],"collection":[{"href":"https:\/\/www.japanweekend.com\/barcelona\/wp-json\/wp\/v2\/pages"}],"about":[{"href":"https:\/\/www.japanweekend.com\/barcelona\/wp-json\/wp\/v2\/types\/page"}],"author":[{"embeddable":true,"href":"https:\/\/www.japanweekend.com\/barcelona\/wp-json\/wp\/v2\/users\/1"}],"replies":[{"embeddable":true,"href":"https:\/\/www.japanweekend.com\/barcelona\/wp-json\/wp\/v2\/comments?post=6795"}],"version-history":[{"count":11,"href":"https:\/\/www.japanweekend.com\/barcelona\/wp-json\/wp\/v2\/pages\/6795\/revisions"}],"predecessor-version":[{"id":7014,"href":"https:\/\/www.japanweekend.com\/barcelona\/wp-json\/wp\/v2\/pages\/6795\/revisions\/7014"}],"wp:attachment":[{"href":"https:\/\/www.japanweekend.com\/barcelona\/wp-json\/wp\/v2\/media?parent=6795"}],"curies":[{"name":"wp","href":"https:\/\/api.w.org\/{rel}","templated":true}]}}