{"id":4732,"date":"2024-01-11T13:00:09","date_gmt":"2024-01-11T13:00:09","guid":{"rendered":"https:\/\/www.japanweekend.com\/barcelona\/?page_id=4732"},"modified":"2026-02-18T12:47:27","modified_gmt":"2026-02-18T12:47:27","slug":"asociaciones-y-actividades","status":"publish","type":"page","link":"https:\/\/www.japanweekend.com\/barcelona\/asociaciones-y-actividades\/","title":{"rendered":"Asociaciones y actividades"},"content":{"rendered":"[vc_row][vc_column]<div class=\"lgx-heading  \" >\r\n                    <h2 class=\"heading\">ACTIVIDADES<\/h2>\r\n                    <h3 class=\"subheading\">\u00bfTe gustar\u00eda tener un espacio en nuestros escenarios o tatamis? \u00bfA tu asociaci\u00f3n le gustar\u00eda tener un stand donde presentarse y hacer actividades? \u00a1Echa un vistazo a las condiciones en los formularios!<\/h3>              \r\n              <\/div>[vc_btn title=&#8221;\u00bfFormas parte de una asociaci\u00f3n o agrupaci\u00f3n y quer\u00e9is tener espacio propio en el evento para gestionar vuestras propias actividades? \u00a1Apuntaos aqu\u00ed!&#8221; color=&#8221;purple&#8221; align=&#8221;center&#8221; link=&#8221;url:https%3A%2F%2Fforms.gle%2F1bzFStg4cHBbhGwe6&#8243;][vc_btn title=&#8221;\u00bfQuieres participar haciendo actividades en escenarios y\/o tatamis? Si quieres ofrecer una conferencia, taller o exhibici\u00f3n. \u00a1Inscr\u00edbete aqu\u00ed!&#8221; color=&#8221;peacoc&#8221; align=&#8221;center&#8221; link=&#8221;url:https%3A%2F%2Fforms.gle%2FTKobidQoGc4snqrc9&#8243;][\/vc_column][\/vc_row]\n","protected":false},"excerpt":{"rendered":"<p>[vc_row][vc_column][vc_btn title=&#8221;\u00bfFormas parte de una asociaci\u00f3n o agrupaci\u00f3n y quer\u00e9is tener espacio propio en el evento para gestionar vuestras propias actividades? \u00a1Apuntaos aqu\u00ed!&#8221; color=&#8221;purple&#8221; align=&#8221;center&#8221; link=&#8221;url:https%3A%2F%2Fforms.gle%2F1bzFStg4cHBbhGwe6&#8243;][vc_btn title=&#8221;\u00bfQuieres participar haciendo actividades en escenarios y\/o tatamis? Si quieres ofrecer una conferencia, taller o exhibici\u00f3n. \u00a1Inscr\u00edbete aqu\u00ed!&#8221; color=&#8221;peacoc&#8221; align=&#8221;center&#8221; link=&#8221;url:https%3A%2F%2Fforms.gle%2FTKobidQoGc4snqrc9&#8243;][\/vc_column][\/vc_row]<\/p>\n","protected":false},"author":1,"featured_media":0,"parent":0,"menu_order":0,"comment_status":"closed","ping_status":"closed","template":"","meta":[],"_links":{"self":[{"href":"https:\/\/www.japanweekend.com\/barcelona\/wp-json\/wp\/v2\/pages\/4732"}],"collection":[{"href":"https:\/\/www.japanweekend.com\/barcelona\/wp-json\/wp\/v2\/pages"}],"about":[{"href":"https:\/\/www.japanweekend.com\/barcelona\/wp-json\/wp\/v2\/types\/page"}],"author":[{"embeddable":true,"href":"https:\/\/www.japanweekend.com\/barcelona\/wp-json\/wp\/v2\/users\/1"}],"replies":[{"embeddable":true,"href":"https:\/\/www.japanweekend.com\/barcelona\/wp-json\/wp\/v2\/comments?post=4732"}],"version-history":[{"count":6,"href":"https:\/\/www.japanweekend.com\/barcelona\/wp-json\/wp\/v2\/pages\/4732\/revisions"}],"predecessor-version":[{"id":6791,"href":"https:\/\/www.japanweekend.com\/barcelona\/wp-json\/wp\/v2\/pages\/4732\/revisions\/6791"}],"wp:attachment":[{"href":"https:\/\/www.japanweekend.com\/barcelona\/wp-json\/wp\/v2\/media?parent=4732"}],"curies":[{"name":"wp","href":"https:\/\/api.w.org\/{rel}","templated":true}]}}

[vc_row][vc_column]<div class="lgx-heading  " >
                    <h2 class="heading">ACTIVIDADES</h2>
                    <h3 class="subheading">¿Te gustaría tener un espacio en nuestros escenarios o tatamis? ¿A tu asociación le gustaría tener un stand donde presentarse y hacer actividades? ¡Echa un vistazo a las condiciones en los formularios!</h3>              
              </div>[vc_btn title=&#8221;¿Formas parte de una asociación o agrupación y queréis tener espacio propio en el evento para gestionar vuestras propias actividades? ¡Apuntaos aquí!&#8221; color=&#8221;purple&#8221; align=&#8221;center&#8221; link=&#8221;url:https%3A%2F%2Fforms.gle%2F1bzFStg4cHBbhGwe6&#8243;][vc_btn title=&#8221;¿Quieres participar haciendo actividades en escenarios y/o tatamis? Si quieres ofrecer una conferencia, taller o exhibición. ¡Inscríbete aquí!&#8221; color=&#8221;peacoc&#8221; align=&#8221;center&#8221; link=&#8221;url:https%3A%2F%2Fforms.gle%2FTKobidQoGc4snqrc9&#8243;][/vc_column][/vc_row]

<p>[vc_row][vc_column][vc_btn title=&#8221;¿Formas parte de una asociación o agrupación y queréis tener espacio propio en el evento para gestionar vuestras propias actividades? ¡Apuntaos aquí!&#8221; color=&#8221;purple&#8221; align=&#8221;center&#8221; link=&#8221;url:https%3A%2F%2Fforms.gle%2F1bzFStg4cHBbhGwe6&#8243;][vc_btn title=&#8221;¿Quieres participar haciendo actividades en escenarios y/o tatamis? Si quieres ofrecer una conferencia, taller o exhibición. ¡Inscríbete aquí!&#8221; color=&#8221;peacoc&#8221; align=&#8221;center&#8221; link=&#8221;url:https%3A%2F%2Fforms.gle%2FTKobidQoGc4snqrc9&#8243;][/vc_column][/vc_row]</p>
