{"id":4305,"date":"2024-02-29T17:44:04","date_gmt":"2024-02-29T15:44:04","guid":{"rendered":"https:\/\/www.japanweekend.com\/alicante\/?page_id=4305"},"modified":"2026-01-14T18:03:42","modified_gmt":"2026-01-14T16:03:42","slug":"asociaciones-y-actividades","status":"publish","type":"page","link":"https:\/\/www.japanweekend.com\/alicante\/asociaciones-y-actividades\/","title":{"rendered":"Asociaciones y actividades"},"content":{"rendered":"[vc_row][vc_column]<div class=\"lgx-heading  \" >\r\n                    <h2 class=\"heading\">ACTIVIDADES<\/h2>\r\n                    <h3 class=\"subheading\">\u00bfTe gustar\u00eda tener un espacio en nuestros escenarios o tatamis? \u00bfA tu asociaci\u00f3n le gustar\u00eda tener un stand donde presentarse y hacer actividades? \u00a1Echa un vistazo a las condiciones en los formularios!<\/h3>              \r\n              <\/div>[\/vc_column][\/vc_row][vc_row][vc_column][vc_btn title=&#8221;\u00bfFormas parte de una asociaci\u00f3n o agrupaci\u00f3n y quer\u00e9is tener espacio propio en el evento para gestionar vuestras propias actividades? \u00a1Apuntaos aqu\u00ed!&#8221; color=&#8221;purple&#8221; align=&#8221;center&#8221; link=&#8221;url:https%3A%2F%2Fdocs.google.com%2Fforms%2Fd%2Fe%2F1FAIpQLSejrWKCdHl4WINj8gavQOJ3FITv07pOnLhc1xSrg8MsHsDRsw%2Fviewform%3Fusp%3Dpublish-editor&#8221;][vc_btn title=&#8221;\u00bfQuieres participar haciendo actividades en escenarios y\/o tatamis? Si quieres ofrecer una conferencia, taller o exhibici\u00f3n. \u00a1Inscr\u00edbete aqu\u00ed!&#8221; color=&#8221;peacoc&#8221; align=&#8221;center&#8221; link=&#8221;url:https%3A%2F%2Fforms.gle%2FoR9Ytdc4Ngs5oELX9&#8243;][\/vc_column][\/vc_row]\n","protected":false},"excerpt":{"rendered":"<p>[vc_row][vc_column][\/vc_column][\/vc_row][vc_row][vc_column][vc_btn title=&#8221;\u00bfFormas parte de una asociaci\u00f3n o agrupaci\u00f3n y quer\u00e9is tener espacio propio en el evento para gestionar vuestras propias actividades? \u00a1Apuntaos aqu\u00ed!&#8221; color=&#8221;purple&#8221; align=&#8221;center&#8221; link=&#8221;url:https%3A%2F%2Fdocs.google.com%2Fforms%2Fd%2Fe%2F1FAIpQLSejrWKCdHl4WINj8gavQOJ3FITv07pOnLhc1xSrg8MsHsDRsw%2Fviewform%3Fusp%3Dpublish-editor&#8221;][vc_btn title=&#8221;\u00bfQuieres participar haciendo actividades en escenarios y\/o tatamis? Si quieres ofrecer una conferencia, taller o exhibici\u00f3n. \u00a1Inscr\u00edbete aqu\u00ed!&#8221; color=&#8221;peacoc&#8221; align=&#8221;center&#8221; link=&#8221;url:https%3A%2F%2Fforms.gle%2FoR9Ytdc4Ngs5oELX9&#8243;][\/vc_column][\/vc_row]<\/p>\n","protected":false},"author":1,"featured_media":0,"parent":0,"menu_order":0,"comment_status":"closed","ping_status":"closed","template":"","meta":[],"_links":{"self":[{"href":"https:\/\/www.japanweekend.com\/alicante\/wp-json\/wp\/v2\/pages\/4305"}],"collection":[{"href":"https:\/\/www.japanweekend.com\/alicante\/wp-json\/wp\/v2\/pages"}],"about":[{"href":"https:\/\/www.japanweekend.com\/alicante\/wp-json\/wp\/v2\/types\/page"}],"author":[{"embeddable":true,"href":"https:\/\/www.japanweekend.com\/alicante\/wp-json\/wp\/v2\/users\/1"}],"replies":[{"embeddable":true,"href":"https:\/\/www.japanweekend.com\/alicante\/wp-json\/wp\/v2\/comments?post=4305"}],"version-history":[{"count":7,"href":"https:\/\/www.japanweekend.com\/alicante\/wp-json\/wp\/v2\/pages\/4305\/revisions"}],"predecessor-version":[{"id":5162,"href":"https:\/\/www.japanweekend.com\/alicante\/wp-json\/wp\/v2\/pages\/4305\/revisions\/5162"}],"wp:attachment":[{"href":"https:\/\/www.japanweekend.com\/alicante\/wp-json\/wp\/v2\/media?parent=4305"}],"curies":[{"name":"wp","href":"https:\/\/api.w.org\/{rel}","templated":true}]}}

[vc_row][vc_column]<div class="lgx-heading  " >
                    <h2 class="heading">ACTIVIDADES</h2>
                    <h3 class="subheading">¿Te gustaría tener un espacio en nuestros escenarios o tatamis? ¿A tu asociación le gustaría tener un stand donde presentarse y hacer actividades? ¡Echa un vistazo a las condiciones en los formularios!</h3>              
              </div>[/vc_column][/vc_row][vc_row][vc_column][vc_btn title=&#8221;¿Formas parte de una asociación o agrupación y queréis tener espacio propio en el evento para gestionar vuestras propias actividades? ¡Apuntaos aquí!&#8221; color=&#8221;purple&#8221; align=&#8221;center&#8221; link=&#8221;url:https%3A%2F%2Fdocs.google.com%2Fforms%2Fd%2Fe%2F1FAIpQLSejrWKCdHl4WINj8gavQOJ3FITv07pOnLhc1xSrg8MsHsDRsw%2Fviewform%3Fusp%3Dpublish-editor&#8221;][vc_btn title=&#8221;¿Quieres participar haciendo actividades en escenarios y/o tatamis? Si quieres ofrecer una conferencia, taller o exhibición. ¡Inscríbete aquí!&#8221; color=&#8221;peacoc&#8221; align=&#8221;center&#8221; link=&#8221;url:https%3A%2F%2Fforms.gle%2FoR9Ytdc4Ngs5oELX9&#8243;][/vc_column][/vc_row]

<p>[vc_row][vc_column][/vc_column][/vc_row][vc_row][vc_column][vc_btn title=&#8221;¿Formas parte de una asociación o agrupación y queréis tener espacio propio en el evento para gestionar vuestras propias actividades? ¡Apuntaos aquí!&#8221; color=&#8221;purple&#8221; align=&#8221;center&#8221; link=&#8221;url:https%3A%2F%2Fdocs.google.com%2Fforms%2Fd%2Fe%2F1FAIpQLSejrWKCdHl4WINj8gavQOJ3FITv07pOnLhc1xSrg8MsHsDRsw%2Fviewform%3Fusp%3Dpublish-editor&#8221;][vc_btn title=&#8221;¿Quieres participar haciendo actividades en escenarios y/o tatamis? Si quieres ofrecer una conferencia, taller o exhibición. ¡Inscríbete aquí!&#8221; color=&#8221;peacoc&#8221; align=&#8221;center&#8221; link=&#8221;url:https%3A%2F%2Fforms.gle%2FoR9Ytdc4Ngs5oELX9&#8243;][/vc_column][/vc_row]</p>
